{"id":157,"date":"2015-11-23T08:01:47","date_gmt":"2015-11-23T07:01:47","guid":{"rendered":"http:\/\/aic-giovannetti.info\/?page_id=157"},"modified":"2016-04-18T17:27:42","modified_gmt":"2016-04-18T15:27:42","slug":"glossaire","status":"publish","type":"page","link":"https:\/\/aic-giovannetti.info\/index.php\/glossaire\/","title":{"rendered":"Glossaire"},"content":{"rendered":"<div class=\"wpb-content-wrapper\"><p>[vc_row][vc_column][vc_column_text]<\/p>\n<h2><strong>A<\/strong><\/h2>\n<h3>Agent g\u00e9n\u00e9ral<\/h3>\n<p>Contrairement au courtier, il est affili\u00e9 \u00e0 une seule compagnie exclusive. Il est g\u00e9n\u00e9ralement autonome dans la souscription des contrats, l\u2019encaissement des primes et la gestion des sinistres.<\/p>\n<h3>Ant\u00e9c\u00e9dents<\/h3>\n<p>Ce sont les informations sur le pass\u00e9 de l\u2019assur\u00e9. Lors de la souscription d\u2019un nouveau contrat, il est demand\u00e9 \u00e0 l\u2019assur\u00e9 de fournir un Relev\u00e9 d\u2019Informations (RI). Ce document rassemble les informations permettant \u00e0 l\u2019assureur d\u2019\u00e9valuer le risque du souscripteur et de lui proposer un tarif adapt\u00e9.<\/p>\n<h3>Assurance cr\u00e9ances en cas d&rsquo;invalidit\u00e9<\/h3>\n<p>Contract\u00e9e relativement \u00e0 une dette, cette assurance permet d\u2019en couvrir le remboursement pendant l\u2019invalidit\u00e9 de l\u2019emprunteur.<\/p>\n<h3>Assurance cr\u00e9dit<\/h3>\n<p>Elle prot\u00e8ge les entreprises contre les risques d\u2019impay\u00e9s de leurs clients.<\/p>\n<h3>Assurance d\u00e9c\u00e8s ou mutilation par accident<\/h3>\n<p>D\u00e9riv\u00e9e de l\u2019assurance maladie, cette assurance pr\u00e9voit le versement d\u2019une somme sp\u00e9cifique en cas de d\u00e9c\u00e8s ou de perte d\u2019un ou plusieurs membres, perte de la vue, d\u2019un ou des yeux \u00e0 la suite d\u2019un accident.<\/p>\n<h3>Assurance risques sp\u00e9ciaux<\/h3>\n<p>Concerne les contrats d\u2019assurance qui, de par la sp\u00e9cificit\u00e9 des biens ou personnes assur\u00e9s, ne rentrent pas dans le cadre usuel des contrats traditionnels.<\/p>\n<h3>Assurance hospitalisation<\/h3>\n<p>D\u00e9termine des prestations pour la couverture des frais engag\u00e9s lors d\u2019un s\u00e9jour \u00e0 l\u2019h\u00f4pital et les frais li\u00e9s \u00e0 certains services prescrits pendant ce s\u00e9jour, n\u2019\u00e9tant pas couverts par le r\u00e9gime d\u2019assurance hospitalisation d\u2019Etat.<\/p>\n<h3>Assurance IARD<\/h3>\n<p>Pour les entreprises, l\u2019IARD couvre les dommages li\u00e9s aux risques d\u2019Incendie, Accidents, Risques Divers, et pertes d\u2019exploitation. Pour les particuliers, cette couverture rassemble principalement l\u2019assurance auto, la multirisque habitation et la responsabilit\u00e9 civile.<\/p>\n<h3>Assurance individuelle<\/h3>\n<p>Concentre l\u2019ensemble des contrats d\u2019assurance vie destin\u00e9s aux particuliers.<\/p>\n<h3>Assurance invalidit\u00e9<\/h3>\n<p>D\u00e9riv\u00e9e de l\u2019assurance maladie qui pr\u00e9voit le versement p\u00e9riodique d\u2019une indemnit\u00e9 \u00e0 l\u2019assur\u00e9 ne pouvant pas travailler suite \u00e0 une maladie ou un dommage corporel. Aussi appel\u00e9e \u00ab assurance salaire \u00bb.<\/p>\n<h3>Assurance maladie<\/h3>\n<p>Pr\u00e9voit le paiement de prestation en cas de maladie ou de dommage corporel. Elle regroupe g\u00e9n\u00e9ralement l\u2019assurance contre les accidents, l\u2019assurance invalidit\u00e9, l\u2019assurance pour les frais m\u00e9dicaux, l\u2019assurance d\u00e9c\u00e8s ou mutilation par accident et souvent les r\u00e9gimes d\u2019assurance hospitalisation d\u2019Etat.<\/p>\n<h3>Assurance maladies graves<\/h3>\n<p>Forme d\u2019assurance maladie visant \u00e0 pallier les difficult\u00e9s financi\u00e8res que peuvent entra\u00eener certains probl\u00e8mes de sant\u00e9 (crise cardiaques, certains cancers\u2026). Le versement d\u2019une somme forfaire est r\u00e9alis\u00e9 30 jours apr\u00e8s que la maladie couverte par la police ait \u00e9t\u00e9 diagnostiqu\u00e9e.<\/p>\n<h3>Assurance sant\u00e9 individuelle<\/h3>\n<p>En contrat individuel, elle permet le remboursement de toutes les d\u00e9penses sant\u00e9 de l\u2019assur\u00e9 en compl\u00e9ment du r\u00e9gime social de base des Caisses Primaires d\u2019Assurance Maladie (frais m\u00e9diaux, soins dentaires, optiques\u2026)<\/p>\n<h3>Assurance vie<\/h3>\n<p>Pr\u00e9voit le versement d\u2019une somme \u00e0 un b\u00e9n\u00e9ficiaire d\u00e9sign\u00e9 au d\u00e9c\u00e8s, accidentel ou non, de l\u2019assur\u00e9. Elle regroupe g\u00e9n\u00e9ralement 2 types de produits : l\u2019assurance vie (placements, \u00e9pargne\u2026) et l\u2019assurance d\u00e9c\u00e8s.<\/p>\n<h3>Assur\u00e9<\/h3>\n<p>C\u2019est le preneur d\u2019assurance. En assurance auto, il s\u2019agit du propri\u00e9taire, et toute personne ayant son accord pour la garde et\/ou la conduite du v\u00e9hicule, ainsi que toute personne transport\u00e9e. En habitation, il s\u2019agit du preneur d\u2019assurance, de ses conjoint et enfants ainsi que toute personne r\u00e9sidant en permanence \u00e0 l\u2019adresse indiqu\u00e9e sur le contrat.<\/p>\n<h3>Attestation d&rsquo;assurance<\/h3>\n<p>Selon l\u2019article R-221-17 du Code des Assurances, c\u2019est un document faisant office de justificatif d\u2019assurance pendant sa dur\u00e9e de validit\u00e9.<\/p>\n<h3>Avis d&rsquo;\u00e9ch\u00e9ance<\/h3>\n<p>Courrier envoy\u00e9 par l\u2019assureur \u00e0 l\u2019assur\u00e9 pour le r\u00e8glement de la prime. D\u2019apr\u00e8s le Code des Assurances, l\u2019assur\u00e9 a 10 jours pour r\u00e9gler sa prime.<\/p>\n<h2><strong>B<\/strong><\/h2>\n<h3>B\u00e9n\u00e9ficiaire<\/h3>\n<p>Personne, physique ou morale, au profit de laquelle le contrat d\u2019assurance a \u00e9t\u00e9 souscrit. C\u2019est le b\u00e9n\u00e9ficiaire qui percevra l\u2019indemnit\u00e9 en cas de dommage survenu par la r\u00e9alisation du risque assur\u00e9.<\/p>\n<h3>Bonus\/malus<\/h3>\n<p>El\u00e9ment central du syst\u00e8me de tarification des assurances, il permet \u00e0 l\u2019assur\u00e9 de b\u00e9n\u00e9ficier de r\u00e9ductions ou de majoration de sa prime en fonction des sinistres qu\u2019il a caus\u00e9s.<\/p>\n<h2><strong>C<\/strong><\/h2>\n<h3>Catastrophes naturelles<\/h3>\n<p>El\u00e9ments naturels non contr\u00f4lables et non pr\u00e9visibles lors de la souscription du contrat (cyclones, inondations, tremblements de terre\u2026). Pour que le contrat soit applicable et que la garantie soit accord\u00e9e, l\u2019\u00e9tat de catastrophe naturelle doit \u00eatre constat\u00e9 par arr\u00eat\u00e9 minist\u00e9riel et publi\u00e9 au journal officiel.<\/p>\n<h3>Certificat d&rsquo;assurance<\/h3>\n<p>Plus commun\u00e9ment appel\u00e9 la \u00ab carte verte \u00bb, il s\u2019accompagne de la vignette \u00e0 appos\u00e9e sur le pare-brise de sa voiture ou le garde-boue de son 2 roues. Un d\u00e9lai d\u2019un mois est tol\u00e9r\u00e9 pour la mise \u00e0 jour du certificat apr\u00e8s expiration.<\/p>\n<h3>Code des assurances<\/h3>\n<p>C\u2019est l\u2019ensemble des lois, devoirs et obligations qui r\u00e9gissent les relations assur\u00e9s\/assureurs.<\/p>\n<h3>Coefficient de r\u00e9duction\/majoration<\/h3>\n<p>Autre d\u00e9signation du bonus\/malus.<\/p>\n<h3>Conditions g\u00e9n\u00e9rales<\/h3>\n<p>C\u2019est l\u2019ensemble des r\u00e8gles et des champs d\u2019application qui d\u00e9limitent le contrat en g\u00e9n\u00e9ral. Applicables aux contrats du m\u00eame type, elles expliquent de mani\u00e8re exhaustive le fonctionnement des garanties.<\/p>\n<h3>Conditions particuli\u00e8res<\/h3>\n<p>Contrairement aux conditions g\u00e9n\u00e9rales, les conditions particuli\u00e8res d\u00e9finissent les champs d\u2019action et l\u2019ensemble des r\u00e8gles r\u00e9gissant le contrat en fonction des garanties souscrites par l\u2019assur\u00e9.<\/p>\n<h3>Constat amiable<\/h3>\n<p>Document rempli lors d\u2019un sinistre entre deux parties. Ce document regroupe l\u2019ensemble des informations n\u00e9cessaires \u00e0 l\u2019indemnisation. Une fois sign\u00e9 par les deux parties, ce document est irr\u00e9vocable.<\/p>\n<h3>Cotisation<\/h3>\n<p>Somme que l\u2019assur\u00e9e doit r\u00e9gler \u00e0 l\u2019assureur pour garantir un risque.<\/p>\n<h3>Courtier<\/h3>\n<p>Contrairement \u00e0 l\u2019agent g\u00e9n\u00e9ral, il n\u2019est pas exclusivement affili\u00e9 \u00e0 une seule et unique compagnie. Mandataire des assur\u00e9s, il travaille avec plusieurs compagnies afin d\u2019offrir les meilleures garanties \u00e0 ses clients. Sur le plan commercial, il est totalement ind\u00e9pendant.<\/p>\n<h2><strong>D<\/strong><\/h2>\n<h3>Date d\u00e9ch\u00e9ance de la prime<\/h3>\n<p>Date \u00e0 laquelle la prime d\u2019assurance est exigible.<\/p>\n<h3>Date d&rsquo;effet<\/h3>\n<p>Date \u00e0 laquelle le contrat d\u00e9marre et les garanties prennent effet.<\/p>\n<h3>D\u00e9ch\u00e9ance<\/h3>\n<p>Sanction prise par l\u2019assureur contre l\u2019assur\u00e9 pour des faits post\u00e9rieurs aux litiges (fausses d\u00e9clarations, non respect des clauses du contrat\u2026). Les cas de d\u00e9ch\u00e9ance doivent \u00eatre explicitement mentionn\u00e9s dans la police d\u2019assurance.<\/p>\n<h3>D\u00e9claration de sinistre<\/h3>\n<p>Chaque sinistre caus\u00e9 ou subi par l\u2019assur\u00e9 doit faire l\u2019objet d\u2019une d\u00e9claration aupr\u00e8s de l\u2019assureur dans un d\u00e9lai pr\u00e9cis\u00e9 par les termes du contrat. Au-del\u00e0 de ces d\u00e9lais, l\u2019assureur peut rejeter la demande d\u2019indemnisation (sauf cas fortuit ou de force majeure).<\/p>\n<h3>D\u00e9fense recours<\/h3>\n<p>Garantie, d&rsquo;ordre juridique, g\u00e9n\u00e9ralement incluse d&rsquo;office dans les contrats automobile. Elle s&rsquo;exerce la plupart du temps dans le cadre des dommages garantis et comporte deux parties :<\/p>\n<ul>\n<li>la d\u00e9fense p\u00e9nale : l&rsquo;assureur prend en charge les frais de d\u00e9fense de l&rsquo;assur\u00e9 devant les tribunaux, \u00e0 concurrence d&rsquo;une somme g\u00e9n\u00e9ralement pr\u00e9cis\u00e9e aux conditions particuli\u00e8res. L&rsquo;amende \u00e9ventuellement inflig\u00e9e \u00e0 l&rsquo;assur\u00e9 n&rsquo;est jamais garantie<\/li>\n<li>le recours contre le responsable : l&rsquo;assureur exerce, \u00e0 ses frais, pour le compte de son assur\u00e9 ou des personnes transport\u00e9es gratuitement dans le v\u00e9hicule, le recours contre le responsable de l&rsquo;accident, ce recours \u00e9tant fait soit amiablement soit judiciairement.<\/li>\n<\/ul>\n<h2><strong>F<\/strong><\/h2>\n<h3>Fonds de garantie automobile (FGA)<\/h3>\n<p>Cr\u00e9\u00e9 en 1951, ce fonds de garantit permet d\u2019indemniser les victimes d\u2019accidents corporels cr\u00e9\u00e9s par des v\u00e9hicules terrestres \u00e0 moteur lorsque que le responsable est inconnu, insolvable ou non-assur\u00e9.<\/p>\n<h3>Franchise<\/h3>\n<p>Part des dommages \u00e0 la charge de l\u2019assur\u00e9 en cas de sinistre. Pr\u00e9cis\u00e9e contractuellement, la franchise s\u2019exprime en pourcentage, en indice ou en chiffres.<\/p>\n<h2><strong>G<\/strong><\/h2>\n<h3>Garantie invalidit\u00e9<\/h3>\n<p>Rattach\u00e9e \u00e0 une assurance vie, cette garantie exon\u00e8re l\u2019assur\u00e9e de prime lorsqu\u2019il est frapp\u00e9 d\u2019une invalidit\u00e9 totale et permanente. Un rentre mensuelle peut \u00e9galement lui \u00eatre vers\u00e9e dans certains cas.<br \/>\nGRAVAGE \/ MARQUAGE<\/p>\n<p>Processus consistant \u00e0 marquer le v\u00e9hicule (num\u00e9ro de s\u00e9rie ou les 7 derniers chiffres du num\u00e9ro de s\u00e9rie). Pour les autos, le gravage est r\u00e9alis\u00e9 sur toutes les vitres. Pour les motos, le gravage se fait sur 11 points.<br \/>\nLes informations sont centralis\u00e9es dans un fichier accessible par les assureurs, les forces de l\u2019ordre, les douanes\u2026<\/p>\n<h2><strong>I<\/strong><\/h2>\n<h3>IARD<\/h3>\n<p>Incendie, Accidents et Risques Divers. Abr\u00e9viation g\u00e9n\u00e9ralement utilis\u00e9e pour d\u00e9signer l\u2019assurance dommage.<\/p>\n<h3>Incapacit\u00e9 temporaire (IT)<\/h3>\n<p>P\u00e9riode pendant laquelle l\u2019\u00e9tat de l\u2019assur\u00e9, cons\u00e9cutivement \u00e0 un accident, une maladie, un traumatisme, ne lui permet pas temporairement d\u2019exercer ses activit\u00e9s professionnelles.<\/p>\n<h3>Incapacit\u00e9 temporaire totale (ITT)<\/h3>\n<p>Impossibilit\u00e9 totale physique ou mentale, m\u00e9dicalement constat\u00e9e, d\u2019exercer toute activit\u00e9.<\/p>\n<h3>Indemnit\u00e9s journali\u00e8res<\/h3>\n<p>Lors d\u2019un arr\u00eat de travail pour ITT, l\u2019assureur verse une indemnit\u00e9 \u00e0 l\u2019assur\u00e9 par jour d\u2019arr\u00eat. Un d\u00e9lai de carence est toutefois retenu pour les incapacit\u00e9s pour maladie.<\/p>\n<h3>Invalidit\u00e9 absolue et d\u00e9finitive (IAD)<\/h3>\n<p>Selon la S\u00e9curit\u00e9 Sociale, toute personne qui est, par suite d\u2019atteinte corporelle, accident, maladie absolument incapable d\u2019exercer une quelconque activit\u00e9 et contrainte de faire appel \u00e0 une tierce personne pour accomplir les actes ordinaires de la vie.<\/p>\n<h3>Invalidit\u00e9 permanente (IP)<\/h3>\n<p>Atteinte pr\u00e9sum\u00e9e d\u00e9finitive des capacit\u00e9s physiques ou mentales de l\u2019assur\u00e9.<\/p>\n<h3>Invalidit\u00e9 permanente totale (IPT)<\/h3>\n<p>L\u2019incapacit\u00e9 totale de l\u2019assur\u00e9 \u00e0 exercer une quelconque activit\u00e9 professionnelle lui procurant gain ou profit a \u00e9t\u00e9 constat\u00e9e.<\/p>\n<h2><strong>N<\/strong><\/h2>\n<h3>Note de couverture<\/h3>\n<p>Etabli par l\u2019assureur avant l\u2019\u00e9tablissement du contrat d\u00e9finitif, ce document vaut garantie m\u00eame si le contrat n\u2019est pas sign\u00e9.<\/p>\n<h2><strong>O<\/strong><\/h2>\n<h3>OPCVM<\/h3>\n<p>Organismes de Placements Collectifs en Valeurs Mobili\u00e8res. Ce sont des portefeuilles de titres (actions,sicav\u2026) cod\u00e9tenus par plusieurs \u00e9pargnants<\/p>\n<h2><strong>Q<\/strong><\/h2>\n<h3>Quittance<\/h3>\n<p>Re\u00e7u d\u00e9livr\u00e9 \u00e0 l\u2019assur\u00e9 par l\u2019assureur attestant du bon paiement de la prime.<\/p>\n<h2><strong>R<\/strong><\/h2>\n<h3>R\u00e9assurance<\/h3>\n<p>Op\u00e9ration par laquelle un assureur s&rsquo;assure lui-m\u00eame aupr\u00e8s d&rsquo;un tiers (le r\u00e9assureur) pour une partie ou la totalit\u00e9 des risques qu&rsquo;il a garantis, moyennant le paiement d&rsquo;une prime.<\/p>\n<h3>Relev\u00e9 d&rsquo;information (RI)<\/h3>\n<p>Document retra\u00e7ant l\u2019historique de l\u2019assur\u00e9. Y sont pr\u00e9cis\u00e9s : le ou les conducteurs habituels d\u00e9sign\u00e9s, les sinistres enregistr\u00e9s, leur nombre, leur nature, la part de responsabilit\u00e9 et l\u2019identit\u00e9 du conducteur responsable, le CRM (coefficient de r\u00e9duction majoration).<\/p>\n<h2><strong>S<\/strong><\/h2>\n<h3>Sinistre<\/h3>\n<p>C\u2019est le risque qui se r\u00e9alise (accident, incendie, vol\u2026)<\/p>\n<h3>Souscripteur<\/h3>\n<p>C\u2019est le preneur d\u2019assurance (personne physique ou morale).<\/p>\n<h2><strong>T<\/strong><\/h2>\n<h3>Tacite reconduction<\/h3>\n<p>Processus consistant \u00e0 reconduire automatiquement et annuellement les contrats de l\u2019assur\u00e9 sans qu\u2019il ait \u00e0 en faire la demande.<\/p>\n<h3>Ticket mod\u00e9rateur<\/h3>\n<p>C\u2019est l\u2019\u00e9cart constat\u00e9 entre le tarif conventionn\u00e9 et le montant rembours\u00e9 par la S\u00e9curit\u00e9 Sociale. Il peut faire l\u2019objet d\u2019un remboursement compl\u00e9mentaire par un compl\u00e9mentaire sant\u00e9, aussi appel\u00e9e \u00ab mutuelle \u00bb.<\/p>\n<h2><strong>V<\/strong><\/h2>\n<h3>Valeur d&rsquo;usage<\/h3>\n<p>C\u2019est la valeur du remplacement du bien \u00e0 la date du sinistre, v\u00e9tust\u00e9 d\u00e9duite.<\/p>\n<h3>V\u00e9tust\u00e9<\/h3>\n<p>D\u00e9pr\u00e9ciation du bien appr\u00e9ci\u00e9e en fonction de l\u2019\u00e2ge et de l\u2019\u00e9tat du bien sinistr\u00e9. Elle peut \u00eatre fix\u00e9e par un expert ou appliqu\u00e9e selon les termes du contrat.[\/vc_column_text][\/vc_column][\/vc_row]<\/p>\n<\/div>","protected":false},"excerpt":{"rendered":"<p>[vc_row][vc_column][vc_column_text] A Agent g\u00e9n\u00e9ral Contrairement au courtier, il est affili\u00e9 \u00e0 une seule compagnie exclusive. Il est g\u00e9n\u00e9ralement autonome dans la souscription des contrats, l\u2019encaissement des primes et la gestion des sinistres. Ant\u00e9c\u00e9dents Ce sont les informations sur le pass\u00e9 de l\u2019assur\u00e9. Lors de la souscription d\u2019un nouveau contrat, il est demand\u00e9 \u00e0 l\u2019assur\u00e9 de [&hellip;]<\/p>\n","protected":false},"author":1,"featured_media":0,"parent":0,"menu_order":0,"comment_status":"closed","ping_status":"closed","template":"","meta":{"footnotes":""},"class_list":["post-157","page","type-page","status-publish","hentry"],"yoast_head":"<!-- This site is optimized with the Yoast SEO plugin v27.4 - https:\/\/yoast.com\/product\/yoast-seo-wordpress\/ -->\n<title>Glossaire - Courtier g\u00e9n\u00e9raliste en assurances, sp\u00e9cialiste des boulangers et des m\u00e9tiers de bouche<\/title>\n<meta name=\"robots\" content=\"index, follow, max-snippet:-1, max-image-preview:large, max-video-preview:-1\" \/>\n<link rel=\"canonical\" href=\"https:\/\/aic-giovannetti.info\/index.php\/glossaire\/\" \/>\n<meta property=\"og:locale\" content=\"fr_FR\" \/>\n<meta property=\"og:type\" content=\"article\" \/>\n<meta property=\"og:title\" content=\"Glossaire - Courtier g\u00e9n\u00e9raliste en assurances, sp\u00e9cialiste des boulangers et des m\u00e9tiers de bouche\" \/>\n<meta property=\"og:description\" content=\"[vc_row][vc_column][vc_column_text] A Agent g\u00e9n\u00e9ral Contrairement au courtier, il est affili\u00e9 \u00e0 une seule compagnie exclusive. Il est g\u00e9n\u00e9ralement autonome dans la souscription des contrats, l\u2019encaissement des primes et la gestion des sinistres. Ant\u00e9c\u00e9dents Ce sont les informations sur le pass\u00e9 de l\u2019assur\u00e9. Lors de la souscription d\u2019un nouveau contrat, il est demand\u00e9 \u00e0 l\u2019assur\u00e9 de [&hellip;]\" \/>\n<meta property=\"og:url\" content=\"https:\/\/aic-giovannetti.info\/index.php\/glossaire\/\" \/>\n<meta property=\"og:site_name\" content=\"Courtier g\u00e9n\u00e9raliste en assurances, sp\u00e9cialiste des boulangers et des m\u00e9tiers de bouche\" \/>\n<meta property=\"article:publisher\" content=\"https:\/\/www.facebook.com\/aicgiovannetti\/\" \/>\n<meta property=\"article:modified_time\" content=\"2016-04-18T15:27:42+00:00\" \/>\n<meta name=\"twitter:card\" content=\"summary_large_image\" \/>\n<meta name=\"twitter:label1\" content=\"Dur\u00e9e de lecture estim\u00e9e\" \/>\n\t<meta name=\"twitter:data1\" content=\"10 minutes\" \/>\n<script type=\"application\/ld+json\" class=\"yoast-schema-graph\">{\"@context\":\"https:\\\/\\\/schema.org\",\"@graph\":[{\"@type\":\"WebPage\",\"@id\":\"https:\\\/\\\/aic-giovannetti.info\\\/index.php\\\/glossaire\\\/\",\"url\":\"https:\\\/\\\/aic-giovannetti.info\\\/index.php\\\/glossaire\\\/\",\"name\":\"Glossaire - Courtier g\u00e9n\u00e9raliste en assurances, sp\u00e9cialiste des boulangers et des m\u00e9tiers de bouche\",\"isPartOf\":{\"@id\":\"https:\\\/\\\/aic-giovannetti.info\\\/#website\"},\"datePublished\":\"2015-11-23T07:01:47+00:00\",\"dateModified\":\"2016-04-18T15:27:42+00:00\",\"breadcrumb\":{\"@id\":\"https:\\\/\\\/aic-giovannetti.info\\\/index.php\\\/glossaire\\\/#breadcrumb\"},\"inLanguage\":\"fr-FR\",\"potentialAction\":[{\"@type\":\"ReadAction\",\"target\":[\"https:\\\/\\\/aic-giovannetti.info\\\/index.php\\\/glossaire\\\/\"]}]},{\"@type\":\"BreadcrumbList\",\"@id\":\"https:\\\/\\\/aic-giovannetti.info\\\/index.php\\\/glossaire\\\/#breadcrumb\",\"itemListElement\":[{\"@type\":\"ListItem\",\"position\":1,\"name\":\"Accueil\",\"item\":\"https:\\\/\\\/aic-giovannetti.info\\\/\"},{\"@type\":\"ListItem\",\"position\":2,\"name\":\"Glossaire\"}]},{\"@type\":\"WebSite\",\"@id\":\"https:\\\/\\\/aic-giovannetti.info\\\/#website\",\"url\":\"https:\\\/\\\/aic-giovannetti.info\\\/\",\"name\":\"AIC-Giovannetti\",\"description\":\"Particuliers, entreprises, artisans, commer\u00e7ants et professions lib\u00e9rales\",\"publisher\":{\"@id\":\"https:\\\/\\\/aic-giovannetti.info\\\/#organization\"},\"potentialAction\":[{\"@type\":\"SearchAction\",\"target\":{\"@type\":\"EntryPoint\",\"urlTemplate\":\"https:\\\/\\\/aic-giovannetti.info\\\/?s={search_term_string}\"},\"query-input\":{\"@type\":\"PropertyValueSpecification\",\"valueRequired\":true,\"valueName\":\"search_term_string\"}}],\"inLanguage\":\"fr-FR\"},{\"@type\":\"Organization\",\"@id\":\"https:\\\/\\\/aic-giovannetti.info\\\/#organization\",\"name\":\"AIC-Giovannetti Courtier g\u00e9n\u00e9raliste en assurances, sp\u00e9cialiste des boulangers et des m\u00e9tiers de bouche\",\"url\":\"https:\\\/\\\/aic-giovannetti.info\\\/\",\"logo\":{\"@type\":\"ImageObject\",\"inLanguage\":\"fr-FR\",\"@id\":\"https:\\\/\\\/aic-giovannetti.info\\\/#\\\/schema\\\/logo\\\/image\\\/\",\"url\":\"http:\\\/\\\/aic-giovannetti.info\\\/wp-content\\\/uploads\\\/2023\\\/02\\\/aic.jpg\",\"contentUrl\":\"http:\\\/\\\/aic-giovannetti.info\\\/wp-content\\\/uploads\\\/2023\\\/02\\\/aic.jpg\",\"width\":180,\"height\":180,\"caption\":\"AIC-Giovannetti Courtier g\u00e9n\u00e9raliste en assurances, sp\u00e9cialiste des boulangers et des m\u00e9tiers de bouche\"},\"image\":{\"@id\":\"https:\\\/\\\/aic-giovannetti.info\\\/#\\\/schema\\\/logo\\\/image\\\/\"},\"sameAs\":[\"https:\\\/\\\/www.facebook.com\\\/aicgiovannetti\\\/\"]}]}<\/script>\n<!-- \/ Yoast SEO plugin. -->","yoast_head_json":{"title":"Glossaire - Courtier g\u00e9n\u00e9raliste en assurances, sp\u00e9cialiste des boulangers et des m\u00e9tiers de bouche","robots":{"index":"index","follow":"follow","max-snippet":"max-snippet:-1","max-image-preview":"max-image-preview:large","max-video-preview":"max-video-preview:-1"},"canonical":"https:\/\/aic-giovannetti.info\/index.php\/glossaire\/","og_locale":"fr_FR","og_type":"article","og_title":"Glossaire - Courtier g\u00e9n\u00e9raliste en assurances, sp\u00e9cialiste des boulangers et des m\u00e9tiers de bouche","og_description":"[vc_row][vc_column][vc_column_text] A Agent g\u00e9n\u00e9ral Contrairement au courtier, il est affili\u00e9 \u00e0 une seule compagnie exclusive. Il est g\u00e9n\u00e9ralement autonome dans la souscription des contrats, l\u2019encaissement des primes et la gestion des sinistres. Ant\u00e9c\u00e9dents Ce sont les informations sur le pass\u00e9 de l\u2019assur\u00e9. Lors de la souscription d\u2019un nouveau contrat, il est demand\u00e9 \u00e0 l\u2019assur\u00e9 de [&hellip;]","og_url":"https:\/\/aic-giovannetti.info\/index.php\/glossaire\/","og_site_name":"Courtier g\u00e9n\u00e9raliste en assurances, sp\u00e9cialiste des boulangers et des m\u00e9tiers de bouche","article_publisher":"https:\/\/www.facebook.com\/aicgiovannetti\/","article_modified_time":"2016-04-18T15:27:42+00:00","twitter_card":"summary_large_image","twitter_misc":{"Dur\u00e9e de lecture estim\u00e9e":"10 minutes"},"schema":{"@context":"https:\/\/schema.org","@graph":[{"@type":"WebPage","@id":"https:\/\/aic-giovannetti.info\/index.php\/glossaire\/","url":"https:\/\/aic-giovannetti.info\/index.php\/glossaire\/","name":"Glossaire - Courtier g\u00e9n\u00e9raliste en assurances, sp\u00e9cialiste des boulangers et des m\u00e9tiers de bouche","isPartOf":{"@id":"https:\/\/aic-giovannetti.info\/#website"},"datePublished":"2015-11-23T07:01:47+00:00","dateModified":"2016-04-18T15:27:42+00:00","breadcrumb":{"@id":"https:\/\/aic-giovannetti.info\/index.php\/glossaire\/#breadcrumb"},"inLanguage":"fr-FR","potentialAction":[{"@type":"ReadAction","target":["https:\/\/aic-giovannetti.info\/index.php\/glossaire\/"]}]},{"@type":"BreadcrumbList","@id":"https:\/\/aic-giovannetti.info\/index.php\/glossaire\/#breadcrumb","itemListElement":[{"@type":"ListItem","position":1,"name":"Accueil","item":"https:\/\/aic-giovannetti.info\/"},{"@type":"ListItem","position":2,"name":"Glossaire"}]},{"@type":"WebSite","@id":"https:\/\/aic-giovannetti.info\/#website","url":"https:\/\/aic-giovannetti.info\/","name":"AIC-Giovannetti","description":"Particuliers, entreprises, artisans, commer\u00e7ants et professions lib\u00e9rales","publisher":{"@id":"https:\/\/aic-giovannetti.info\/#organization"},"potentialAction":[{"@type":"SearchAction","target":{"@type":"EntryPoint","urlTemplate":"https:\/\/aic-giovannetti.info\/?s={search_term_string}"},"query-input":{"@type":"PropertyValueSpecification","valueRequired":true,"valueName":"search_term_string"}}],"inLanguage":"fr-FR"},{"@type":"Organization","@id":"https:\/\/aic-giovannetti.info\/#organization","name":"AIC-Giovannetti Courtier g\u00e9n\u00e9raliste en assurances, sp\u00e9cialiste des boulangers et des m\u00e9tiers de bouche","url":"https:\/\/aic-giovannetti.info\/","logo":{"@type":"ImageObject","inLanguage":"fr-FR","@id":"https:\/\/aic-giovannetti.info\/#\/schema\/logo\/image\/","url":"http:\/\/aic-giovannetti.info\/wp-content\/uploads\/2023\/02\/aic.jpg","contentUrl":"http:\/\/aic-giovannetti.info\/wp-content\/uploads\/2023\/02\/aic.jpg","width":180,"height":180,"caption":"AIC-Giovannetti Courtier g\u00e9n\u00e9raliste en assurances, sp\u00e9cialiste des boulangers et des m\u00e9tiers de bouche"},"image":{"@id":"https:\/\/aic-giovannetti.info\/#\/schema\/logo\/image\/"},"sameAs":["https:\/\/www.facebook.com\/aicgiovannetti\/"]}]}},"_links":{"self":[{"href":"https:\/\/aic-giovannetti.info\/index.php\/wp-json\/wp\/v2\/pages\/157","targetHints":{"allow":["GET"]}}],"collection":[{"href":"https:\/\/aic-giovannetti.info\/index.php\/wp-json\/wp\/v2\/pages"}],"about":[{"href":"https:\/\/aic-giovannetti.info\/index.php\/wp-json\/wp\/v2\/types\/page"}],"author":[{"embeddable":true,"href":"https:\/\/aic-giovannetti.info\/index.php\/wp-json\/wp\/v2\/users\/1"}],"replies":[{"embeddable":true,"href":"https:\/\/aic-giovannetti.info\/index.php\/wp-json\/wp\/v2\/comments?post=157"}],"version-history":[{"count":8,"href":"https:\/\/aic-giovannetti.info\/index.php\/wp-json\/wp\/v2\/pages\/157\/revisions"}],"predecessor-version":[{"id":607,"href":"https:\/\/aic-giovannetti.info\/index.php\/wp-json\/wp\/v2\/pages\/157\/revisions\/607"}],"wp:attachment":[{"href":"https:\/\/aic-giovannetti.info\/index.php\/wp-json\/wp\/v2\/media?parent=157"}],"curies":[{"name":"wp","href":"https:\/\/api.w.org\/{rel}","templated":true}]}}